 - 2102 = -o - 179, 0 = -o + 4*t + 1938. Let v = o - -1565. Is v prime?
True
Let l(g) be the third derivative of 1/2*g**5 + 7/24*g**4 + 3*g**2 - 7/6*g**3 + 0*g + 0. Is l(-6) a composite number?
False
Let w(s) = 55*s**2 - 116*s - 118. Is w(-40) prime?
False
Suppose 5*l - 932021 = -3*c, -2*c + 389082 = l - 232256. Is c a composite number?
True
Let a = 641436 + -117233. Is a a prime number?
True
Let f be (0 - 6 - 2)*(-6)/(-12). Let g be -2883 + (-1 - f) + 5. Let w = -1524 - g. Is w a prime number?
False
Suppose p - 3*i - 12387 = 0, -2*i + 24762 = 2*p - 5*i. Suppose -4*s + 4*r + 29568 = -19964, 3*r = -s + p. Is s a composite number?
True
Is -1 + 1519497 - (-110 - -123) a prime number?
False
Suppose -5682914 = 77*c - 287*c + 2873956. Is c a composite number?
True
Let i be (-2)/5*105/3. Suppose -4*m - 5 = -3*r + 13, -5*r = -3*m + 3. Is 12764 + (44/i - m/63) a composite number?
True
Let h = -1631 + 3672. Is h a prime number?
False
Let n = 13758 + 4929. Is n prime?
False
Let v = 525 + -520. Suppose v*y - 127 = 4*y. Is y composite?
False
Let x = -157679 - -333178. Is x composite?
False
Let k be 60/8*124/3. Let f = k - -3201. Is f prime?
True
Suppose 0 = -54*h + 57*h - 270. Let r = -85 + h. Is 2/r - (-159423)/55 composite?
True
Suppose -5*w - 110 = -60. Is (7393/(-2))/((w - -18)/(-16)) composite?
False
Suppose 2*l - 5*a = -2*l - 12, l - 2*a = -6. Is (-2)/l - (-5383 + 4) - -3 composite?
False
Let i be 2*(-3 + 22/4). Suppose 2 = -z, -3*c + i*z - 620 = -0*c. Let k = c - -841. Is k composite?
False
Let h = 2082922 + -1049633. Is h composite?
False
Let j(q) = q**3 + 13*q**2 + 10*q + 2. Let y be j(-8). Suppose z - 13 - 253 = -k, -k + 5*z + y = 0. Let g = k + -71. Is g a composite number?
False
Let g(t) = 2 + 1 + 65*t**2 - 29*t**2 - 5 + 3*t. Let q be 4/7 - 3/(-7). Is g(q) composite?
False
Let n(m) = -21*m**2 + 14*m - 26. Let l be n(-8). Let j = 1225 - l. Is j a composite number?
False
Let f(o) = 162778*o + 987. Is f(13) a composite number?
True
Suppose 3*o - 132 = 3*p, 3*p + 147 = 4*o - 25. Suppose 10*f - 30 = o. Suppose f*m - 635 = 6*m. Is m composite?
True
Let j(f) = f**3 - 10*f**2 + 7*f + 21. Let m be j(9). Let s be -3 - -3 - -1*m. Suppose 43 = s*i - 1202. Is i a composite number?
True
Let k = 3775 - 2006. Is k prime?
False
Let c = 765695 - 460486. Is c prime?
True
Let x(n) = n - 8. Let u be x(11). Suppose u*j = 3*q - 1755, -6*j + 593 = q - 3*j. Is q a prime number?
True
Let s = 314257 + -63134. Is s a prime number?
False
Let y(w) = 2*w**3 - 4*w**2 - 2. Let x be y(4). Suppose 0 = 2*c - 3*l - 350, -x - 286 = -2*c + 2*l. Suppose -7*a + 45 = -c. Is a a composite number?
False
Suppose 5*i - 5721 - 8647 = 4*k, -5*i + 14371 = -3*k. Let o be ((-36)/(-20) + -1)*-55. Is (i - 0)*(-11)/o a prime number?
True
Let f be 19 + -15 + 0/(-1 + 0). Is 1/(-3*f/(-87708)) a composite number?
False
Suppose -74*v + 11554 = -72*v. Suppose -20698 = 3*h + v. Is (-7)/(-42) + h/(-6) a composite number?
False
Let s(y) = -314269*y - 170. Is s(-1) a composite number?
True
Is (728/52 - (-38845)/(-15))/((-2)/66) a composite number?
True
Let n = 88913 + -15916. Is n a prime number?
True
Let z = -45774 - -82421. Is z a prime number?
False
Suppose 14*p - 17*p = -6069. Suppose 5*t - 8275 = -5*x, -2952 = -3*x + 2*t + p. Is x prime?
True
Let u(w) = 1836*w - 1. Let k = 144 + -140. Is u(k) a composite number?
True
Let y(w) = -3*w + 20. Suppose m + 21 = -5*z, 2*m - 37 + 9 = 4*z. Let s be y(m). Suppose -s*c + 305 = -2567. Is c prime?
True
Let d be ((-40)/8 - -7) + (-1084)/(-1). Let i = -397 + d. Is i a prime number?
False
Is (-1740042)/(-15) + ((-85)/(-25))/17 prime?
False
Let b = -370910 - -586381. Is b prime?
True
Let j = 796 + -796. Suppose j = -16*c + 44928 + 13168. Is c prime?
True
Let b(o) = -414*o**2 - 5*o - 21. Let f(m) = -414*m**2 - 4*m - 21. Let k(g) = 5*b(g) - 6*f(g). Is k(-4) prime?
False
Let w(l) = 32*l**3 + 9*l**2 - 9*l - 5. Let a be w(-5). Let p = -1258 - a. Is p composite?
False
Let f(c) = -c**3 - 14*c**2 - 50*c + 7. Let y be f(-6). Suppose 12147 = -y*j + 22*j + 4*w, 16196 = 4*j + w. Is j composite?
False
Suppose 6*b = -m + 11*b + 9, 4*b + 12 = 2*m. Let k(f) = -1 + 2*f - 3*f + 5*f + 11*f**3 + 3*f**2 - f**2. Is k(m) prime?
True
Let c = -9 - -15. Let z(t) be the third derivative of 13*t**5/60 + t**4/8 + t**3/6 + 5*t**2. Is z(c) composite?
False
Suppose -27*f + 56 = -52. Suppose -5*j + f*b = -94837, 4*b = -3*j + 5*b + 56898. Is j composite?
True
Let d = 127 - 122. Suppose d*f - 2970 = 10195. Is f a prime number?
True
Suppose -z = 3*h - 45155, 966*z - 16 = 970*z. Is h a prime number?
True
Let v(h) = 81 - 183 + 236*h + 79. Is v(17) a prime number?
True
Let r(a) = 61*a**2 + 43*a - 1084. Is r(42) composite?
True
Let v(p) = 96*p**2 + p + 2. Let u be v(-1). Suppose -376 + u = -c. Suppose 1012 = y + c. Is y prime?
True
Is (-5)/(-18 + 19) + 12504 a composite number?
True
Let n = -107129 + 224230. Is n a prime number?
True
Suppose 0 = 3*i - 4*c - 4833, c = -4*i + i + 4818. Let y = i + -244. Let m = 2232 - y. Is m a composite number?
True
Let b = 2788 - 4729. Let k = b - -12878. Is k composite?
False
Let h = -92 + 96. Suppose 4*d = 12, t - h*t - 660 = -5*d. Let a = 254 - t. Is a a composite number?
True
Let o = 64590 + -38939. Suppose 2*z = -c + o - 7315, -4*z = -c - 36678. Is z a composite number?
True
Suppose -34*v + 31*v - 39 = 0. Let y be v/2*-4 + (-6)/3. Suppose h - 94 = y. Is h prime?
False
Suppose -o + 19038 = -3*l - 156682, 4*l + 1054222 = 6*o. Is o composite?
False
Let y(r) = 6*r - 868 + 847 + 70*r**2 + 0*r**2 + 7*r. Is y(4) a prime number?
True
Suppose -42149508 = -208*q + 160369683 + 14968729. Is q composite?
True
Let p be -8 + 8 - 6/(2*-1). Let h be (-10)/(-6) + 1/p. Suppose 2*m + h*r - 2130 = 6*r, -3*m - 3*r + 3150 = 0. Is m a composite number?
True
Suppose z - 12150 = -4*z. Suppose 0 = -2*o + 8*o - z. Let v = o + 434. Is v composite?
False
Suppose 3*a - 5*a + 20 = 0. Suppose a*r + 4*v - 4621 = 7*r, 4*v - 1535 = -r. Is r a prime number?
True
Let c = 995 + -13. Suppose -4*p = c - 6334. Suppose 2*u - 2*d - 2023 = -u, 2*u + 4*d - p = 0. Is u a prime number?
True
Let r(y) = 5*y**2 + 2*y + 3. Let l = 21 - 16. Suppose 4*h - l*h = 5. Is r(h) prime?
False
Let w(t) be the third derivative of -t**5/120 + 121*t**4/24 + 7*t**3/3 - 16*t**2. Let q(o) be the first derivative of w(o). Is q(0) composite?
True
Let f(v) be the third derivative of v**4/4 + 145*v**3/6 - 101*v**2. Suppose -o + 2*o = 2*a, -4*a = 4*o. Is f(o) a prime number?
False
Let r be -342 + (2/6)/((-2)/(-6)). Let q = 352 + r. Is q a composite number?
False
Let y = -3537 + 6178. Suppose z - 5*i = 907, 7*i - y = -3*z + 2*i. Is z a prime number?
True
Let y(h) = -h**2 - 11*h + 3. Let m(a) = a**3 - 10*a**2 - 12*a + 4. Let n be m(11). Is y(n) a prime number?
True
Is 242*12529/34 + 12 composite?
False
Suppose 0*y - 1175 = 5*y. Suppose 4*k - a - 2*a - 3864 = 0, 0 = -5*k - 3*a + 4830. Let m = k + y. Is m composite?
True
Let p = -1802 - -3485. Suppose 0 = -3*z + p + 15780. Is z composite?
False
Suppose 80310672 = 120*c - 23*c + 47*c. Is c a composite number?
True
Let o(l) = -922*l + 24. Let x be 4 - (0 + 3 + 3). Let d be o(x). Suppose y = 353 + d. Is y prime?
True
Let h be 24*((-25 - -24) + (-1)/(-2)). Is 32/48 + (-644188)/h prime?
False
Suppose -j - x = -2*j + 2278, -2*x = 0. Suppose j = 6*i - 692. Suppose -2*c + i - 49 = 0. Is c a composite number?
False
Is (21/(-42))/(1*-2*10/6238360) a composite number?
True
Suppose -23*y + 622 = 139. Suppose y*c - 24584 = 277165. Is c prime?
True
Let f(d) = 37*d**3 - 10*d**2 + 36*d - 46. Is f(13) a prime number?
True
Let h = -24 + 28. Let f(d) = -63*d + 1. Let r(y) = 63*y. Let k(l) = 5*f(l) + 6*r(l). Is k(h) composite?
False
Suppose 0 = -3*c + 4*c + 4, 5*k + 3*c = -7. Is (0 + k)/((77/98133)/11) prime?
False
Suppose 37*u = 31*u - 6. Is 127540/(-35)*u/4 a composite number?
False
Suppose 0 = 5*v + p + 170, 3*v - 128*p = -126*p - 102. Is 4/v - (-87239)/391 prime?
True
Let o be (1862/(-6))/((-2)/6). Let r = 1577 - o. Let a = r - 227. Is a composite?
False
Suppose -28*v + 27*v + 60391 = 4*i, -4*i = -3*v + 181045. Is v a prime number?
False
Let a be 15*((-690)/(-9) - 1). Suppose -a = -13*w + 12268. Let c = w - 712. Is c prime?
False
Let a = -545 - -809. Suppose 0*u + 3*o + 518 = 4*u, o = -2*u + a. Is u composi